{"id":1456,"date":"2024-11-08T07:11:54","date_gmt":"2024-11-08T07:11:54","guid":{"rendered":"https:\/\/mobilis.co.rs\/?page_id=1456"},"modified":"2024-11-08T09:05:56","modified_gmt":"2024-11-08T09:05:56","slug":"meaningful-conversations-razgovori-sa-smislom","status":"publish","type":"page","link":"https:\/\/mobilis.co.rs\/?page_id=1456","title":{"rendered":"Meaningful Conversations\/Razgovori sa \u00a9SMislom"},"content":{"rendered":"\n<p><br><strong>The School of Important Life Topics<\/strong>\/<strong>\u0160kola va\u017enih \u017eivotnih tema<\/strong><\/p>\n\n\n\n<p>Working on your existential intelligence during 10 (one hour) sessions&#8230; we discuss life, death, love, meaning and purpose, work, determinism, universe and other topics&#8230;<\/p>\n\n\n\n<p>Available in Serbian and English language.<\/p>\n\n\n\n<p>You can enroll anytime by sending message to: <a href=\"mailto:sladjana.milosevic@mobilis.co.rs\">sladjana.milosevic@mobilis.co.rs<\/a><\/p>\n\n\n\n<p>The short Guide to the program is available below.<\/p>\n\n\n\n<div data-wp-interactive=\"core\/file\" class=\"wp-block-file\"><object data-wp-bind--hidden=\"!state.hasPdfPreview\"  class=\"wp-block-file__embed\" data=\"https:\/\/mobilis.co.rs\/wp-content\/uploads\/2024\/11\/meaningful-conversations-feb2024-1.pdf\" type=\"application\/pdf\" style=\"width:100%;height:600px\" aria-label=\"Embed of meaningful conversations feb2024.\"><\/object><a id=\"wp-block-file--media-49ba60c2-e229-4c46-a312-29a2a7769bcb\" href=\"https:\/\/mobilis.co.rs\/wp-content\/uploads\/2024\/11\/meaningful-conversations-feb2024-1.pdf\">meaningful conversations feb2024<\/a><a href=\"https:\/\/mobilis.co.rs\/wp-content\/uploads\/2024\/11\/meaningful-conversations-feb2024-1.pdf\" class=\"wp-block-file__button wp-element-button\" download aria-describedby=\"wp-block-file--media-49ba60c2-e229-4c46-a312-29a2a7769bcb\">Download<\/a><\/div>\n\n\n\n<p><\/p>\n","protected":false},"excerpt":{"rendered":"<p>The School of Important Life Topics\/\u0160kola va\u017enih \u017eivotnih tema Working on your existential intelligence during 10 (one hour) sessions&#8230; we discuss life, death, love, meaning and purpose, work, determinism, universe and other topics&#8230; Available in Serbian and English language. You &hellip; <a href=\"https:\/\/mobilis.co.rs\/?page_id=1456\">Continue reading <span class=\"meta-nav\">&rarr;<\/span><\/a><\/p>\n","protected":false},"author":1,"featured_media":0,"parent":11,"menu_order":3,"comment_status":"closed","ping_status":"closed","template":"","meta":{"footnotes":""},"class_list":["post-1456","page","type-page","status-publish","hentry"],"_links":{"self":[{"href":"https:\/\/mobilis.co.rs\/index.php?rest_route=\/wp\/v2\/pages\/1456"}],"collection":[{"href":"https:\/\/mobilis.co.rs\/index.php?rest_route=\/wp\/v2\/pages"}],"about":[{"href":"https:\/\/mobilis.co.rs\/index.php?rest_route=\/wp\/v2\/types\/page"}],"author":[{"embeddable":true,"href":"https:\/\/mobilis.co.rs\/index.php?rest_route=\/wp\/v2\/users\/1"}],"replies":[{"embeddable":true,"href":"https:\/\/mobilis.co.rs\/index.php?rest_route=%2Fwp%2Fv2%2Fcomments&post=1456"}],"version-history":[{"count":7,"href":"https:\/\/mobilis.co.rs\/index.php?rest_route=\/wp\/v2\/pages\/1456\/revisions"}],"predecessor-version":[{"id":1494,"href":"https:\/\/mobilis.co.rs\/index.php?rest_route=\/wp\/v2\/pages\/1456\/revisions\/1494"}],"up":[{"embeddable":true,"href":"https:\/\/mobilis.co.rs\/index.php?rest_route=\/wp\/v2\/pages\/11"}],"wp:attachment":[{"href":"https:\/\/mobilis.co.rs\/index.php?rest_route=%2Fwp%2Fv2%2Fmedia&parent=1456"}],"curies":[{"name":"wp","href":"https:\/\/api.w.org\/{rel}","templated":true}]}}